factors of 7186.
2, 3593
List the prime factors of 11714.
2, 5857
What are the prime factors of 27629?
7, 3947
List the prime factors of 53666.
2, 26833
List the prime factors of 551.
19, 29
What are the prime factors of 33?
3, 11
What are the prime factors of 15865?
5, 19, 167
List the prime factors of 19997.
19997
List the prime factors of 134852.
2, 33713
What are the prime factors of 29338?
2, 14669
What are the prime factors of 772?
2, 193
What are the prime factors of 80539?
43, 1873
List the prime factors of 380.
2, 5, 19
List the prime factors of 41629.
7, 19, 313
What are the prime factors of 1999?
1999
What are the prime factors of 34444?
2, 79, 109
What are the prime factors of 1873?
1873
What are the prime factors of 23657?
41, 577
What are the prime factors of 2158?
2, 13, 83
What are the prime factors of 40602?
2, 3, 67, 101
List the prime factors of 38595.
3, 5, 31, 83
What are the prime factors of 275?
5, 11
What are the prime factors of 13570?
2, 5, 23, 59
What are the prime factors of 4251?
3, 13, 109
What are the prime factors of 1667?
1667
What are the prime factors of 3902?
2, 1951
List the prime factors of 1068.
2, 3, 89
What are the prime factors of 656?
2, 41
What are the prime factors of 344?
2, 43
What are the prime factors of 37246?
2, 11, 1693
What are the prime factors of 976?
2, 61
What are the prime factors of 31593?
3, 10531
What are the prime factors of 783?
3, 29
What are the prime factors of 3866?
2, 1933
What are the prime factors of 83656?
2, 10457
What are the prime factors of 5545?
5, 1109
List the prime factors of 334.
2, 167
List the prime factors of 21078.
2, 3, 1171
What are the prime factors of 68891?
68891
List the prime factors of 24558.
2, 3, 4093
What are the prime factors of 25948?
2, 13, 499
What are the prime factors of 8982?
2, 3, 499
List the prime factors of 5819.
11, 23
List the prime factors of 60573.
3, 61, 331
What are the prime factors of 13331?
13331
List the prime factors of 1509.
3, 503
List the prime factors of 446.
2, 223
What are the prime factors of 1302?
2, 3, 7, 31
List the prime factors of 97767.
3, 17, 71
List the prime factors of 11178.
2, 3, 23
What are the prime factors of 3812?
2, 953
List the prime factors of 363.
3, 11
List the prime factors of 3544.
2, 443
List the prime factors of 18212.
2, 29, 157
What are the prime factors of 1199?
11, 109
What are the prime factors of 5135?
5, 13, 79
List the prime factors of 7380.
2, 3, 5, 41
What are the prime factors of 165292?
2, 31, 43
What are the prime factors of 23084?
2, 29, 199
What are the prime factors of 928?
2, 29
List the prime factors of 97716.
2, 3, 17, 479
What are the prime factors of 8635?
5, 11, 157
List the prime factors of 13779.
3, 1531
What are the prime factors of 1688?
2, 211
What are the prime factors of 11411?
11411
What are the prime factors of 1125?
3, 5
List the prime factors of 13932.
2, 3, 43
What are the prime factors of 67101?
3, 22367
List the prime factors of 869.
11, 79
List the prime factors of 8418.
2, 3, 23, 61
List the prime factors of 12198.
2, 3, 19, 107
What are the prime factors of 3528?
2, 3, 7
What are the prime factors of 67213?
67213
What are the prime factors of 987?
3, 7, 47
What are the prime factors of 16006?
2, 53, 151
What are the prime factors of 1878?
2, 3, 313
What are the prime factors of 9818?
2, 4909
What are the prime factors of 13509?
3, 19, 79
What are the prime factors of 2912?
2, 7, 13
List the prime factors of 1033.
1033
What are the prime factors of 17017?
7, 11, 13, 17
List the prime factors of 19453.
7, 397
What are the prime factors of 72830?
2, 5, 7283
List the prime factors of 3251.
3251
List the prime factors of 105660.
2, 3, 5, 587
What are the prime factors of 154?
2, 7, 11
List the prime factors of 24138.
2, 3, 149
What are the prime factors of 482?
2, 241
List the prime factors of 8964.
2, 3, 83
What are the prime factors of 149189?
193, 773
List the prime factors of 7112.
2, 7, 127
What are the prime factors of 11780?
2, 5, 19, 31
List the prime factors of 5441.
5441
List the prime factors of 2357.
2357
What are the prime factors of 1242?
2, 3, 23
List the prime factors of 2840.
2, 5, 71
What are the prime factors of 5782?
2, 7, 59
List the prime factors of 3622.
2, 1811
List the prime factors of 316.
2, 79
What are the prime factors of 1021?
1021
List the prime factors of 2494.
2, 29, 43
List the prime factors of 11517.
3, 11, 349
List the prime factors of 11706.
2, 3, 1951
List the prime factors of 20044.
2, 5011
What are the prime factors of 3597?
3, 11, 109
What are the prime factors of 4164?
2, 3, 347
What are the prime factors of 8664?
2, 3, 19
What are the prime factors of 9992?
2, 1249
List the prime factors of 687.
3, 229
List the prime factors of 6071.
13, 467
List the prime factors of 19778.
2, 11, 29, 31
List the prime factors of 1107.
3, 41
List the prime factors of 577.
577
List the prime factors of 87.
3, 29
What are the prime factors of 1908?
2, 3, 53
List the prime factors of 869.
11, 79
List the prime factors of 7388.
2, 1847
What are the prime factors of 7788?
2, 3, 11, 59
List the prime factors of 13684.
2, 11, 311
List the prime factors of 5420.
2, 5, 271
What are the prime factors of 35411?
17, 2083
List the prime factors of 999.
3, 37
List the prime factors of 10673.
13, 821
What are the prime factors of 464?
2, 29
List the prime factors of 3475.
5, 139
List the prime factors of 5553.
3, 617
List the prime factors of 27261.
3, 13, 233
List the prime factors of 3916.
2, 11, 89
List the prime factors of 64.
2
List the prime factors of 7786.
2, 17, 229
What are the prime factors of 1115?
5, 223
List the prime factors of 40231.
40231
What are the prime factors of 70153?
31, 73
List the prime factors of 316.
2, 79
List the prime factors of 3921.
3, 1307
List the prime factors of 21684.
2, 3, 13, 139
What are the prime factors of 17203?
17203
What are the prime factors of 380?
2, 5, 19
List the prime factors of 41163.
3, 13721
What are the prime factors of 9907?
9907
What are the prime factors of 4677?
3, 1559
What are the prime factors of 84?
2, 3, 7
List the prime factors of 21025.
5, 29
List the prime factors of 902.
2, 11, 41
What are the prime factors of 98057?
98057
List the prime factors of 14870.
2, 5, 1487
What are the prime factors of 35903?
7, 23, 223
List the prime factors of 1184.
2, 37
What are the prime factors of 4838?
2, 41, 59
What are the prime factors of 4505?
5, 17, 53
List the prime factors of 1933.
1933
List the prime factors of 981.
3, 109
List the prime factors of 5329.
73
What are the prime factors of 6590?
2, 5, 659
What are the prime factors of 212786?
2, 7, 15199
List the prime factors of 3009.
3, 17, 59
List the prime factors of 65600.
2, 5, 41
List the prime factors of 29579.
11, 2689
What are the prime factors of 6550?
2, 5, 131
What are the prime factors of 12522?
2, 3, 2087
What are the prime factors of 146834?
2, 73417
What are the prime factors of 19425?
3, 5, 7, 37
What are the prime factors of 30575?
5, 1223
What are the prime factors of 407?
11, 37
What are the prime factors of 1311?
3, 19, 23
List the prime factors of 4907.
7, 701
List the prime factors of 28633.
11, 19, 137
List the prime factors of 46428.
2, 3, 53, 73
What are the prime factors of 729?
3
What are the prime factors of 2703?
3, 17, 53
What are the prime factors of 27194?
2, 13597
What are the prime factors of 3012?
2, 3, 251
What are the prime factors of 127105?
5, 11, 2311
List the prime factors of 76031.
76031
List the prime factors of 14640.
2, 3, 5, 61
List the prime factors of 703.
19, 37
What are the prime factors of 65520?
2, 3, 5, 7, 13
What are the prime factors of 23398?
2, 11699
What are the prime factors of 18773?
18773
What are the prime factors of 27?
3
What are the prime factors of 14370?
2, 3, 5, 479
What are the prime factors of 964?
2, 241
What are the prime factors of 17105?
5, 11, 311
List the prime factors of 4567.
4567
What are the prime factors of 63113?
63113
What are the prime factors of 397?
397
List the prime factors of 30702.
2, 3, 7, 17, 43
List the prime factors of 14448.
2, 3, 7, 43
List the prime factors of 22645.
5, 7, 647
List the prime factors of 16157.
107, 151
List the prime factors of 1